ime factors of f.
2
Suppose w - 366 = 4*w. Let m = w - -171. What are the prime factors of m?
7
Let y be -1*3*(2 + -3). Let o be (-15)/(-6) + y/(-6). Suppose -o - 22 = -f. What are the prime factors of f?
2, 3
Suppose 0 = -4*w - 5*n - 44, -28 + 10 = 5*w - 3*n. List the prime factors of 67/(((-4)/w)/((-14)/(-21))).
67
Let i = 67 + -70. Suppose -3*c - 3*t + 24 = 0, -4*c + 8 = -2*t - 24. Let a = c + i. List the prime factors of a.
5
Let n(t) = -t**3 - 15*t**2 + t + 17. Let a be n(-15). Suppose 0*d = a*d - 4. What are the prime factors of d?
2
Let w(i) be the third derivative of -i**4/6 + i**3/6 - i**2. Let t be w(-1). Suppose 3*z + o + 4*o = 16, 4*o = -t*z + 31. What are the prime factors of z?
7
Suppose -1659 = 2*c - 4141. List the prime factors of c.
17, 73
Let o(l) = -l + 4. Let y be o(0). Suppose y*b - z - 146 - 74 = 0, b + 5*z - 76 = 0. What are the prime factors of b?
2, 7
Let k = 100 + -76. Let p = k - -21. List the prime factors of p.
3, 5
Let d = 64 - 66. Let p(c) = -8*c**3 + c**2 - c + 2. List the prime factors of p(d).
2, 3
Suppose 6 - 24 = -6*y. Suppose -2*m + 212 = 2*u, y*u + 9 = 3. List the prime factors of m.
2, 3
Let d(s) be the first derivative of s**3 - 3*s**2 + 11*s + 5. List the prime factors of d(5).
2, 7
Let g(m) = -m**3 - 2. Let k(h) = 7*h**3 - 13*h**2 + 19*h. Let p(i) = -6*g(i) - k(i). What are the prime factors of p(10)?
2, 61
Let o(k) = 2*k**2 - 3*k - 6. Let d be o(3). Suppose 362 - 125 = d*c. What are the prime factors of c?
79
What are the prime factors of (9 + -4)*(365 - -5)?
2, 5, 37
Let t(m) = 352*m + 69. List the prime factors of t(4).
7, 211
Let g = -144 + 152. Suppose 2*u + g*n - 5*n = 546, -2*n + 1387 = 5*u. List the prime factors of u.
3, 31
Let f = -1 - -3. Suppose -f*v + 3*n - 57 = 6*n, -v - 4*n - 36 = 0. Let a = 64 + v. What are the prime factors of a?
2, 5
Suppose -5*v = 0, -v = -2*r + 425 + 105. List the prime factors of r.
5, 53
Let o be 6/(-2)*(-4)/6. Suppose 0 = -n - o*n + 48. Let f = n + -13. What are the prime factors of f?
3
List the prime factors of ((-5631)/(-2))/((-378)/(-504)).
2, 1877
Let k = -1928 - -4329. List the prime factors of k.
7
Let h be ((-4)/3 - 0)*(-12)/8. Suppose -i = h, 2*t + t - 269 = -2*i. What are the prime factors of t?
7, 13
Let l(k) be the third derivative of k**6/120 - k**5/10 + k**4/6 + 7*k**3/6 + k**2. Let y be l(5). Suppose y*f + 16 = 58. What are the prime factors of f?
3, 7
Let g(j) = 7*j - 4*j - 2 + 66*j**3 - 2*j. List the prime factors of g(1).
5, 13
Let o(l) = -l**3 + l**2 - l - 1. Let s be o(-2). Let v(m) = 4*m + 13. What are the prime factors of v(s)?
5, 13
Let m = 33 - 33. Let g be 2 - (m - 0)/(-3). Suppose b = -g*b + 117. List the prime factors of b.
3, 13
Suppose -17*a = -9*a - 32. What are the prime factors of a?
2
Let g(f) be the second derivative of 2*f**4/3 - 5*f**3/6 - 3*f**2/2 + 3*f. List the prime factors of g(-3).
2, 3, 7
Suppose -3*r - 1 + 6 = 2*y, 4*y + 5*r = 13. Let o(j) = -j**3 + 8*j**2 + 3*j + 7. What are the prime factors of o(y)?
7, 11
Let l be 9/(-3) + (4 - 5). What are the prime factors of (-61)/(-4) - (-1)/16*l?
3, 5
Let p(a) = a + 12. Let h be p(-8). Let v(x) = -x + 4. Let k be v(h). Suppose -s + 4*s - 21 = k. List the prime factors of s.
7
Let a be (-6*62)/4 - 2. Let g = 180 + a. Suppose -2*t + 86 = 4*y, 0*t - 5*t = -5*y + g. List the prime factors of y.
2, 5
Let x be (-155)/(-2)*18/15. Let b = 164 - x. What are the prime factors of b?
71
Suppose 0 = 4*j - 68 - 452. Suppose -5*w = -5*n - j, -w - 2*n + 5 = -6. Let h = 30 - w. List the prime factors of h.
3
Suppose 0 = -0*f - f - 4. Let j be 212/(-8)*(f + 2). Suppose -73 = -2*n + w, -2*n + 4*w = -w - j. List the prime factors of n.
3, 13
Suppose 5*t + 4 = t. What are the prime factors of -6 + 8 + t + 4?
5
What are the prime factors of ((-180)/24)/(-15)*(1 - -2193)?
1097
List the prime factors of (-3207)/(-12) + 15/20.
2, 67
Suppose 9350 = -4*l + 14*l. What are the prime factors of l?
5, 11, 17
Suppose -2*h + 4*h = 80. Let l be (4 - (2 + 0))/((-10)/(-20)). Suppose -84 - h = -l*n. List the prime factors of n.
31
Suppose 11*t = 2*t + 15156. List the prime factors of t.
2, 421
Suppose -4 - 23 = -g - 5*a, -3*g - 3*a + 33 = 0. Let s = g + 38. List the prime factors of s.
3, 5
Let u be 33/(-22) + 22/4. Let d(k) = 46*k + 14. What are the prime factors of d(u)?
2, 3, 11
List the prime factors of ((-2)/6)/(8/(-11904)).
2, 31
Let y = 219 - 18. List the prime factors of y.
3, 67
Suppose -g + y = -9, 3*g - 2*y = 14 + 9. Suppose 4*s - 4 = -c, -5 = 5*c - 3*c - g*s. Suppose -64 = -3*v - z - c*z, v - 24 = -z. List the prime factors of v.
2, 5
Suppose 247 = 5*t + 2*r, r - 76 = 3*t - 222. Suppose -3*f + 44 + t = 0. Suppose -f = -3*z + 17. List the prime factors of z.
2
Suppose 3*h + r - 10 = 3*r, -2*h + 20 = -4*r. What are the prime factors of h - 4 - (-2 - 72)?
2, 5, 7
Let i(c) be the third derivative of c**6/120 - 7*c**5/60 + 11*c**4/24 + 5*c**3/6 + 7*c**2. What are the prime factors of i(5)?
2, 5
Let b(w) = w**2 + w - 11. Let m be b(-4). What are the prime factors of m*2/3 - 158/(-6)?
3
Let m(a) = a**3 + 25*a**2 - 4*a + 1. Let o be m(-23). Suppose 8*g = o - 111. List the prime factors of g.
2, 5, 13
Let s(w) = -w + 4. Suppose -7*g - 26 = -5*g. Let k be s(g). Let x = 33 - k. What are the prime factors of x?
2
Let l(h) = -h**3 + 11*h**2 + 10*h - 7. Let o be l(11). Suppose n = -n - s + 57, -3*n + 2*s = -o. What are the prime factors of n?
31
List the prime factors of (-35 + 4)*-3 + 5.
2, 7
Suppose p = -0*p - 3. Let r = p - -6. List the prime factors of (-231)/(-28)*8/r.
2, 11
Suppose 2*o = 63 - 17. Suppose -o + 176 = 3*q. List the prime factors of q.
3, 17
Suppose -4*x = -5*r + 2289, -5*r + 7*x + 2297 = 5*x. What are the prime factors of r?
461
Suppose -4*f + 2*f + 478 = 0. List the prime factors of f.
239
Suppose 2*r = m - 6, -2*m = m + 4*r - 8. Let w(i) = -i**2 + 3*i + 7. Let u be w(m). Suppose -8*a + 40 = -u*a. What are the prime factors of a?
2
Let q(j) be the first derivative of 9*j**2 - 4*j + 1. Suppose 3*y - 2*h = 4, 0 = 3*y + 3*h - 9 - 0. List the prime factors of q(y).
2
Let f(j) = -j - 20. Let o be f(0). Let i = 4 - o. What are the prime factors of i?
2, 3
Let v be 5*((0 - 0) + 9). Let o = 78 + -66. Let t = v - o. List the prime factors of t.
3, 11
Suppose -2*q + 0*q = 0. List the prime factors of 43 + (q + -2 - -1).
2, 3, 7
What are the prime factors of ((-100998)/(-1267))/(-1 - 31/(-28))?
2, 3, 31
Let y = 31 - -909. What are the prime factors of y?
2, 5, 47
Suppose 4*j + p + 192 = 1223, -2*j + 493 = 5*p. Suppose j = 5*r - 166. What are the prime factors of r?
5, 17
Let q = -141 + 267. Suppose -3*p + q = 2*h, 0*p - 292 = -5*h + 4*p. List the prime factors of h.
2, 3, 5
Suppose -g - 6 = -4*g. Suppose -4*s - f = -341, -s - 4*s - g*f + 427 = 0. What are the prime factors of s?
5, 17
Suppose -k - 4*z + 481 = 145, 4*k = -4*z + 1296. What are the prime factors of k?
2, 5
Let l = -4 - -5. Suppose -3*k + l = 7. What are the prime factors of (-2 - k) + 26 + -3?
23
Let m be (-29)/2*3/((-21)/14). Suppose m = p - 114. What are the prime factors of p?
11, 13
Let c = 135 + -132. Let d(b) = 32*b**2 + 4*b. What are the prime factors of d(c)?
2, 3, 5
Suppose -2*f + 3*c = 1, 0*c - 2*c = -f - 2. Suppose -4*h = -3*i - 91, -h - h - f*i = -40. List the prime factors of h.
2, 11
Suppose -5*l = r - 68, -2*r = -5*l + 42 + 32. Suppose 37 = l*q - 13*q. List the prime factors of q.
37
Suppose 0*s = -4*w + 3*s - 4, 0 = 4*w + 5*s - 28. Suppose -3 = -x - w. Let v = 9 + x. List the prime factors of v.
2, 5
Suppose w + 3 = 0, 0 = -p + 3*p - 4*w - 938. Suppose p = 5*h - 82. List the prime factors of h.
109
Suppose 20 = 5*m + j - 2*j, -m - 20 = -5*j. Let u(q) = -2*q + 5 - 2 + q**3 - 1 - 3*q**2 + 2. What are the prime factors of u(m)?
2, 11
Let k(u) be the first derivative of u**4/4 - u**3 + u**2 - 2*u + 8. Let y = -5 - -9. List the prime factors of k(y).
2, 11
Let p = 264 - 22. What are the prime factors of p?
2, 11
Suppose 0 = 4*t + 4*i - 1016, -4*t + 5*i + 23 + 1029 = 0. List the prime factors of t.
2, 3, 43
Suppose 0 = -3*w - 171 + 462. Let i = w + -55. What are the prime factors of i?
2, 3, 7
Suppose -3 - 1 = -h. Let z = h + 38. Let c = -29 + z. What are the prime factors of c?
13
Suppose -x + 4*b + 3 = 0, -b - 2*b - 15 = -5*x.